9 (base 10) in base 3?
220011010000
What is 53870 (base 12) in base 9?
177023
Convert 503606 (base 9) to base 4.
1020233010
Convert 1444065 (base 7) to base 9.
327646
Convert 2c9c3 (base 13) to base 10.
85166
Convert -1220322012 (base 4) to base 15.
-874bc
What is 6135a1 (base 11) in base 13?
286839
Convert 5774846 (base 11) to base 7.
151540355
322411422 (base 5) to base 9
2522033
1100101100001000 (base 2) to base 13
1a872
What is 65168 (base 9) in base 6?
531442
4cc088 (base 14) to base 4
22011311120
Convert 160795 (base 12) to base 9.
630475
-362049 (base 13) to base 3
-2102112010200
15211150 (base 6) to base 16
817aa
Convert 55909 (base 11) to base 3.
11010001110
3012003201 (base 4) to base 9
1465720
Convert -110001001011110101000 (base 2) to base 12.
-658834
Convert 69437 (base 11) to base 5.
11202344
What is -5802 (base 15) in base 7?
-105311
Convert b91665 (base 15) to base 12.
2b50542
What is -1215050 (base 6) in base 8?
-176146
What is 10b1b7 (base 12) in base 10?
268123
What is -35073 (base 13) in base 4?
-113213322
Convert -391711 (base 10) to base 13.
-1093a8
Convert 45101161 (base 8) to base 13.
202a00b
2d236b (base 16) to base 9
5507774
What is -306a55 (base 14) in base 11?
-a15140
-6209bb (base 14) to base 7
-40045424
Convert -30012211 (base 4) to base 7.
-264346
55ad1b (base 16) to base 14
a62347
What is 201300021333 (base 4) in base 2?
100001110000001001111111
What is -2000212121010 (base 3) in base 7?
-12115635
50a66 (base 14) to base 2
101111011001010010
4300052 (base 6) to base 10
209984
Convert -3903c (base 13) to base 12.
-51083
Convert -954d (base 15) to base 4.
-13231111
-872d8e (base 16) to base 14
-1268714
Convert -1411343121 (base 5) to base 9.
-6728877
What is -390d3 (base 14) in base 15?
-2b7be
-101131 (base 8) to base 12
-17389
What is -a07e (base 16) in base 2?
-1010000001111110
Convert 5d8d6 (base 14) to base 7.
1644056
-3022100 (base 6) to base 9
-237170
Convert -156637 (base 9) to base 8.
-274754
Convert -16625848 (base 9) to base 16.
-7f4f48
-a07316 (base 14) to base 8
-24457050
Convert 11001100101101111 (base 2) to base 5.
11323230
13237 (base 10) to base 11
9a44
Convert -1034561 (base 7) to base 12.
-61268
What is -233573 (base 9) in base 3?
-21010122110
Convert 30612c (base 13) to base 14.
214b52
Convert 1625001 (base 7) to base 12.
aa269
What is -48245 (base 11) in base 15?
-158d8
110000101010100110 (base 2) to base 15
3e0de
b5b8b0 (base 12) to base 15
3b7b19
What is 5687171 (base 9) in base 7?
35042131
Convert 209599 (base 10) to base 14.
56555
c9ac1 (base 14) to base 13
141065
-52c64 (base 13) to base 9
-246728
Convert 1200012122 (base 3) to base 5.
2023312
23c057 (base 13) to base 6
30152545
What is -8b290 (base 15) in base 12?
-194246
2020507 (base 8) to base 10
532807
What is 116568 (base 9) in base 5?
4223301
4600423 (base 7) to base 14
10c483
Convert 89476 (base 10) to base 9.
145657
294660 (base 10) to base 11
191423
What is 110000352 (base 6) in base 15?
28a9b2
-c339b5 (base 13) to base 2
-10001010110101101010011
Convert -3271601 (base 8) to base 7.
-10331036
Convert -1f1f6 (base 16) to base 7.
-1040441
3320160 (base 7) to base 3
202202000210
Convert -6704321 (base 8) to base 13.
-4b2466
What is 20301330110 (base 4) in base 2?
1000110001111100010100
What is 43073 (base 14) in base 4?
213203031
Convert -3348 (base 16) to base 7.
-53163
What is 24740475 (base 8) in base 10?
5488957
What is 341043 (base 13) in base 12?
4b4033
-425532 (base 7) to base 10
-74013
What is 1001101110111000010 (base 2) in base 12?
134682
What is 67780 (base 10) in base 8?
204304
What is -113310202 (base 4) in base 13?
-35545
Convert -314033 (base 5) to base 6.
-120410
Convert 6310432 (base 7) to base 4.
2321102113
2b951 (base 15) to base 11
965a6
-1110300011 (base 4) to base 12
-148a85
898cdf (base 16) to base 12
302887b
Convert -1001264 (base 11) to base 3.
-10100002101020
Convert -1b43914 (base 12) to base 10.
-5812576
Convert -363b940 (base 13) to base 4.
-1000022112120
10102021201 (base 3) to base 15
14e01
Convert -15324451 (base 7) to base 11.
-913435
What is 1c8a00 (base 15) in base 11?
873a25
What is -1011101110100111011 (base 2) in base 15?
-78d10
What is -10101000010000100001100 (base 2) in base 9?
-11333063
What is -20021001120 (base 3) in base 16?
-1e16b
55044220 (base 8) to base 12
3b59500
-122647 (base 8) to base 10
-42407
106273 (base 8) to base 2
1000110010111011
Convert 15076675 (base 8) to base 2.
1101000111110110111101
What is 81a631 (base 11) in base 16?
1418ff
Convert 70b18 (base 14) to base 12.
110a6a
Convert 14b187 (base 14) to base 4.
2300101003
5641230 (base 10) to base 12
1a80726
-10302312041 (base 5) to base 16
-a786cd
What is -10202200120 (base 3) in base 10?
-74130
-12321111232 (base 4) to base 14
-350b14
What is -12152134 (base 9) in base 11?
-33972a1
Convert 3345200 (base 6) to base 4.
221122200
What is 32132323230 (base 4) in base 12?
1331210
-22961 (base 12) to base 4
-23103121
Convert -3e62e1 (base 15) to base 9.
-5583814
What is 1c60e (base 15) in base 14?
259c5
112001000 (base 3) to base 7
41556
Convert 11ab934 (base 12) to base 4.
31031111320
Convert -100110110011011111000 (base 2) to base 11.
-79936a
Convert 1001010110010000000110 (base 2) to base 9.
4544328
What is -6133023 (base 8) in base 12?
-661243
Convert -10001011001010110 (base 2) to base 3.
-10121202001
Convert 25506461 (base 7) to base 16.
236cff
Convert 235630 (base 8) to base 13.
2aa0a
13132001201 (base 4) to base 10
1957985
What is -41a775 (base 15) in base 12?
-1067748
What is -112113223 (base 4) in base 13?
-32923
What is 99868 (base 10) in base 6?
2050204
-1110033113 (base 4) to base 16
-543d7
Convert -4154432 (base 6) to base 11.
-128773
Convert -369602 (base 10) to base 2.
-1011010001111000010
What is 35230 (base 12) in base 16?
11604
-21010011112 (base 3) to base 11
-96285
Convert -220122202000 (base 3) to base 4.
-1312133031
What is 140542552 (base 6) in base 16?
2b65a4
Convert 143108 (base 9) to base 11.
5a879
-17a0b3 (base 13) to base 3
-1010010220102
What is 1450cdb (base 14) in base 3?
200120201120200
Convert -1231032102 (base 4) to base 11.
-286138
Convert 15772 (base 12) to base 11.
20990
-641930 (base 11) to base 9
-1835200
-213332002 (base 4) to base 9
-268514
What is -20130101003 (base 4) in base 9?
-4142512
Convert 66037 (base 13) to base 6.
3542334
-476332 (base 8) to base 9
-267568
123336b (base 13) to base 9
11580145
-2996 (base 13) to base 3
-22021122
14304343 (base 6) to base 10
490887
What is -231248 (base 9) in base 5?
-13414331
What is -44030404 (base 5) in base 7?
-3130031
What is 3340552 (base 6) in base 16?
292f4
-40631233 (base 7) to base 6
-200533054
Convert -4177 (base 16) to base 13.
-7822
1622116 (base 8) to base 5
104434141
Convert -2060542 (base 10) to base 13.
-571b73
5ac3c (base 14) to base 6
4431234
Convert 10e8a (base 15) to base 3.
2201221111
85263 (base 12) to base 5
21044031
Convert 110020011200 (base 3) to base 10.
240696
Convert 11340200 (base 6) to base 12.
151660
Convert -7a34a73 (base 11) to base 13.
-2bb46c4
What is -9203 (base 12) in base 5?
-1001333
32112120 (base 4) to base 5
3340101
80512 (base 9) to base 2
1100111010101000
-25a147 (base 12) to base 11
-392a27
What is 3648687 (base 9) in base 16?
1e3b4a
Convert -113034322 (base 5) to base 11.
-324279
What is 261466 (base 9) in base 15?
31ebc
What is 136237 (base 9) in base 2?
10100010101100110
210222 (base 10) to base 3
101200101000
What is 1250213 (base 7) in base 4?
213320300
What is 312433242 (base 5) in base 4?
10330123020
Convert 3223111222 (base 4) to base 2.
11101011010101101010
Convert -1f5b78 (base 16) to base 14.
-3b6cc0
Convert -11110111101001011101 (base 2) to base 12.
-40b025
What is -221434310 (base 5) in base 7?
-11141251
Convert 351572 (base 8) to base 16.
1d37a
Convert 46483 (base 9) to base 5.
1443032
Convert 4a2b8 (base 16) to base 13.
a8383
What is 65982 (base 14) in base 4?
330011032
-102533142 (base 6) to base 9
-3367568
-677411 (base 10) to base 7
-5520650
What is -21132131002 (base 4) in base 2?
-1001011110011101000010
Convert -61a414 (base 14) to base 2.
-1100100100000110100010
Convert 11513665 (base 7) to base 6.
34015514
What is -32322413 (base 6) in base 12?
-3a3409
-985687 (base 10) to ba